{"id":2639,"date":"2016-11-23T03:17:57","date_gmt":"2016-11-23T03:17:57","guid":{"rendered":"http:\/\/anderschingenieria.com.ar\/wordpress\/?page_id=2639"},"modified":"2021-09-06T15:42:50","modified_gmt":"2021-09-06T15:42:50","slug":"servicios","status":"publish","type":"page","link":"https:\/\/anderschingenieria.com.ar\/home\/servicios\/","title":{"rendered":"Servicios"},"content":{"rendered":"<p>[vc_row full_width=\u00bbstretch_row\u00bb css=\u00bb.vc_custom_1498748914981{background-image: url(http:\/\/anderschingenieria.com.ar\/home\/wp-content\/uploads\/2016\/12\/Andersch_002.jpg?id=2955) !important;}\u00bb][vc_column][vc_empty_space height=\u00bb84px\u00bb][cms_heading hd_subtitle=\u00bbNos especializamos en\u00bb sub_color=\u00bb#ffffff\u00bb hd_title=\u00bbNuestros Servicios\u00bb text_color=\u00bb#ffffff\u00bb cms_template=\u00bbcms_heading.php\u00bb][vc_empty_space height=\u00bb56px\u00bb][\/vc_column][\/vc_row][vc_row full_width=\u00bbstretch_row\u00bb][vc_column][vc_empty_space height=\u00bb84px\u00bb][vc_column_text]<\/p>\n<h5>Prestamos los servicios de MONTAJE E INSTALACI\u00d3N de nuestros productos desarrollando la obra civil para las fundaciones, el montaje y traslado de los carteles y columnas. Efectuamos las instalaciones el\u00e9ctricas necesarias para hacer funcionar e iluminar los distintos equipos. Asimismo una vez instalado pr\u00e9stamos el servicio de MANTENIMIENTO necesario para el perfecto funcionamiento de todos nuestros productos, a tal fin contamos con personal capacitado para las distintas funciones as\u00ed como los equipos necesarios.<\/h5>\n<p>[\/vc_column_text][vc_empty_space height=\u00bb84px\u00bb][\/vc_column][\/vc_row][vc_row full_width=\u00bbstretch_row\u00bb][vc_column width=\u00bb1\/3&#8243;][vc_column_text]<\/p>\n<h3>Mantenimiento<\/h3>\n<p>[\/vc_column_text][vc_empty_space][vc_gallery type=\u00bbnivo\u00bb interval=\u00bb3&#8243; images=\u00bb2656,2657,2658,2659,2660&#8243; img_size=\u00bbfull\u00bb][vc_column_text]<i class=\"fa fa-caret-right\"><\/i> <strong>Mantenimiento estructural:<\/strong> consiste en la revisi\u00f3n peri\u00f3dica del estado de la estructura y el torque de los elementos que componen. El mismo permite mantener durante el transcurso del tiempo la seguridad de la estructura.<\/p>\n<p><i class=\"fa fa-caret-right\"><\/i> <strong>Mantenimiento el\u00e9ctrico<\/strong> preventivo con inspecci\u00f3n peri\u00f3dica en los carteles, permite evitar fallas en distintos componentes dejando sin iluminaci\u00f3n las estructuras. Mantenimiento correctivo permite reparar las insuficiencias y deterioro de las instalaciones el\u00e9ctricas dej\u00e1ndolas nuevamente operativas.<\/p>\n<p>Ambos mantenimientos tienen como objetivo no solo el mejoramiento del servicio de publicidad de los clientes, sino que tambi\u00e9n la seguridad tanto de las personas que trabajan en la estructura como de los terceros que se encuentren en el entorno.[\/vc_column_text][\/vc_column][vc_column width=\u00bb1\/3&#8243;][vc_column_text]<\/p>\n<h3>Montaje<\/h3>\n<p>[\/vc_column_text][vc_empty_space][vc_gallery type=\u00bbnivo\u00bb interval=\u00bb3&#8243; images=\u00bb2664,2665,2666,2667,2668,2669,2670,2671&#8243; img_size=\u00bbfull\u00bb][vc_column_text]El servicio de montaje comprende todos los trabajos necesarios a fin de garantizar la correcta instalaci\u00f3n de la estructura. Andersch Ingenier\u00eda cuenta con las herramientas necesarias y un personal altamente capacitado para llevar a cabo todo tipo de montajes. El servicio incluye el transporte de los elementos mediante fletes de distintas envergaduras, as\u00ed como las gr\u00faas y maquinarias necesarias para cada trabajo. [\/vc_column_text][\/vc_column][vc_column width=\u00bb1\/3&#8243;][vc_column_text]<\/p>\n<h3>Fundaci\u00f3n<\/h3>\n<p>[\/vc_column_text][vc_empty_space][vc_gallery type=\u00bbnivo\u00bb interval=\u00bb3&#8243; images=\u00bb2662,2663&#8243; img_size=\u00bbfull\u00bb][vc_column_text]Ofrecemos el servicio de fundaci\u00f3n para nuestras obras. El mismo consiste en realizar los debidos estudios de suelos con profesionales id\u00f3neos, calculo de fundaci\u00f3n e ingenier\u00eda de la misma. Conformado de armaduras, anclajes, colocaci\u00f3n de los mismos, llenado de base. [\/vc_column_text][\/vc_column][\/vc_row][vc_row full_width=\u00bbstretch_row\u00bb][vc_column][vc_empty_space height=\u00bb90px\u00bb][vc_row_inner][vc_column_inner width=\u00bb1\/2&#8243;][\/vc_column_inner][vc_column_inner width=\u00bb1\/2&#8243;][\/vc_column_inner][\/vc_row_inner][vc_empty_space height=\u00bb90px\u00bb][\/vc_column][\/vc_row]<\/p>\n","protected":false},"excerpt":{"rendered":"<p>[vc_row full_width=\u00bbstretch_row\u00bb css=\u00bb.vc_custom_1498748914981{background-image: url(http:\/\/anderschingenieria.com.ar\/home\/wp-content\/uploads\/2016\/12\/Andersch_002.jpg?id=2955) !important;}\u00bb][vc_column][vc_empty_space height=\u00bb84px\u00bb][cms_heading hd_subtitle=\u00bbNos especializamos en\u00bb sub_color=\u00bb#ffffff\u00bb hd_title=\u00bbNuestros Servicios\u00bb text_color=\u00bb#ffffff\u00bb cms_template=\u00bbcms_heading.php\u00bb][vc_empty_space height=\u00bb56px\u00bb][\/vc_column][\/vc_row][vc_row full_width=\u00bbstretch_row\u00bb][vc_column][vc_empty_space height=\u00bb84px\u00bb][vc_column_text] Prestamos los servicios de MONTAJE E INSTALACI\u00d3N de nuestros productos desarrollando la obra civil para las fundaciones, el montaje y traslado de los carteles y columnas. Efectuamos las instalaciones el\u00e9ctricas necesarias para hacer funcionar e iluminar los distintos [&hellip;]<\/p>\n","protected":false},"author":1,"featured_media":0,"parent":0,"menu_order":0,"comment_status":"closed","ping_status":"closed","template":"","meta":[],"_links":{"self":[{"href":"https:\/\/anderschingenieria.com.ar\/home\/wp-json\/wp\/v2\/pages\/2639"}],"collection":[{"href":"https:\/\/anderschingenieria.com.ar\/home\/wp-json\/wp\/v2\/pages"}],"about":[{"href":"https:\/\/anderschingenieria.com.ar\/home\/wp-json\/wp\/v2\/types\/page"}],"author":[{"embeddable":true,"href":"https:\/\/anderschingenieria.com.ar\/home\/wp-json\/wp\/v2\/users\/1"}],"replies":[{"embeddable":true,"href":"https:\/\/anderschingenieria.com.ar\/home\/wp-json\/wp\/v2\/comments?post=2639"}],"version-history":[{"count":40,"href":"https:\/\/anderschingenieria.com.ar\/home\/wp-json\/wp\/v2\/pages\/2639\/revisions"}],"predecessor-version":[{"id":4116,"href":"https:\/\/anderschingenieria.com.ar\/home\/wp-json\/wp\/v2\/pages\/2639\/revisions\/4116"}],"wp:attachment":[{"href":"https:\/\/anderschingenieria.com.ar\/home\/wp-json\/wp\/v2\/media?parent=2639"}],"curies":[{"name":"wp","href":"https:\/\/api.w.org\/{rel}","templated":true}]}}