{"id":3599,"date":"2017-02-28T22:13:53","date_gmt":"2017-02-28T22:13:53","guid":{"rendered":"http:\/\/anderschingenieria.com.ar\/wordpress\/?page_id=3599"},"modified":"2022-07-04T16:11:16","modified_gmt":"2022-07-04T16:11:16","slug":"home-4","status":"publish","type":"page","link":"https:\/\/anderschingenieria.com.ar\/home\/","title":{"rendered":"Home"},"content":{"rendered":"<p>[vc_row full_width=\u00bbstretch_row_content\u00bb css=\u00bb.vc_custom_1488882636705{margin-top: -30px !important;}\u00bb][vc_column][rev_slider_vc alias=\u00bbslider-andersch-boxed\u00bb][\/vc_column][\/vc_row][vc_row css=\u00bb.vc_custom_1489018349645{padding-bottom: 80px !important;background-color: #f9f9f9 !important;}\u00bb el_id=\u00bbvc-main\u00bb el_class=\u00bbrow-vs\u00bb][vc_column width=\u00bb2\/3&#8243;][vc_empty_space height=\u00bb40px\u00bb][cms_heading hd_subtitle=\u00bbNosotros\u00bb hd_title=\u00bbNuestra historia\u00bb cms_template=\u00bbcms_heading.php\u00bb][vc_column_text]<\/p>\n<p>Andersch Ingenier\u00eda, fundada en 1989, es hoy la empresa l\u00edder en la fabricaci\u00f3n, dise\u00f1o y montaje de estructuras publicitarias con m\u00e1s de 250 columnas instaladas en el pa\u00eds.<\/p>\n<p>Nuestra empresa se encuentra posicionada dentro del mercado como proveedora de las principales empresas de publicidad de la v\u00eda p\u00fablica, concesionarias de rutas y autopistas.<\/p>\n<p>La diversidad de nuestros productos, as\u00ed como la calidad y seguridad de sus dise\u00f1os nos permite trabajar en forma conjunta con los publicistas en miras de lograr objetivos para dar respuestas innovadoras a los anunciantes.<\/p>\n<p>[\/vc_column_text][vc_column_text]<\/p>\n<p>[\/vc_column_text][vc_empty_space height=\u00bb40px\u00bb][vc_row_inner][vc_column_inner width=\u00bb1\/2&#8243;][\/vc_column_inner][\/vc_row_inner][\/vc_column][vc_column width=\u00bb1\/3&#8243; css=\u00bb.vc_custom_1489322932692{margin-top: 0px !important;}\u00bb el_class=\u00bbfr-bg-white\u00bb]<div role=\"form\" class=\"wpcf7\" id=\"wpcf7-f807-o1\" lang=\"en-US\" dir=\"ltr\">\n<div class=\"screen-reader-response\"><\/div>\n<form action=\"\/home\/wp-json\/wp\/v2\/pages\/3599#wpcf7-f807-o1\" method=\"post\" class=\"wpcf7-form\" novalidate=\"novalidate\">\n<div style=\"display: none;\">\n<input type=\"hidden\" name=\"_wpcf7\" value=\"807\" \/>\n<input type=\"hidden\" name=\"_wpcf7_version\" value=\"4.6\" \/>\n<input type=\"hidden\" name=\"_wpcf7_locale\" value=\"en_US\" \/>\n<input type=\"hidden\" name=\"_wpcf7_unit_tag\" value=\"wpcf7-f807-o1\" \/>\n<input type=\"hidden\" name=\"_wpnonce\" value=\"6d77666e6a\" \/>\n<\/div>\n<div class=\"request-form\">\n<div class=\"request-form-header\"><a class=\"scroll-to-content\" href=\"#vc-main\"><\/a><span class=\"lnr lnr-apartment\"><\/span>\n<div class=\"request-form-inner\"><span><br \/>\nNo dudes en preguntar<\/span><br \/>\n<h3>Nos contactaremos a la brevedad<\/h3>\n<\/div><\/div>\n<div class=\"request-form-content\">\n<div><span class=\"wpcf7-form-control-wrap your-name\"><input type=\"text\" name=\"your-name\" value=\"\" size=\"40\" class=\"wpcf7-form-control wpcf7-text wpcf7-validates-as-required\" aria-required=\"true\" aria-invalid=\"false\" placeholder=\"Su Nombre\" \/><\/span><\/div>\n<div><span class=\"wpcf7-form-control-wrap your-email\"><input type=\"text\" name=\"your-email\" value=\"\" size=\"40\" class=\"wpcf7-form-control wpcf7-text wpcf7-validates-as-required\" aria-required=\"true\" aria-invalid=\"false\" placeholder=\"Su Email\" \/><\/span><\/div>\n<div><span class=\"wpcf7-form-control-wrap telephone\"><input type=\"text\" name=\"telephone\" value=\"\" size=\"40\" class=\"wpcf7-form-control wpcf7-text\" aria-invalid=\"false\" placeholder=\"Tel\u00e9fono\" \/><\/span><\/div>\n<div><span class=\"wpcf7-form-control-wrap your-message\"><textarea name=\"your-message\" cols=\"40\" rows=\"10\" class=\"wpcf7-form-control wpcf7-textarea\" aria-invalid=\"false\" placeholder=\"Consulta\"><\/textarea><\/span><\/div>\n<div><input type=\"submit\" value=\"Enviar\" class=\"wpcf7-form-control wpcf7-submit btn btn-secondary btn-block\" \/><\/div>\n<\/div>\n<\/div>\n<div class=\"wpcf7-response-output wpcf7-display-none\"><\/div><\/form><\/div>[\/vc_column][\/vc_row][vc_row full_width=\u00bbstretch_row\u00bb][vc_column][vc_empty_space height=\u00bb90px\u00bb][cms_heading hd_subtitle=\u00bbL\u00edderes en dise\u00f1o y fabricaci\u00f3n de estructuras met\u00e1licas, calculo y construcci\u00f3n de fundaciones.\u00bb hd_title=\u00bbNuestros Productos\u00bb cms_template=\u00bbcms_heading.php\u00bb][vc_empty_space height=\u00bb28px\u00bb][\/vc_column][\/vc_row][vc_row][vc_column][vc_column_text]<\/p>\n<p>[\/vc_column_text][\/vc_column][\/vc_row][vc_row full_width=\u00bbstretch_row_content_no_spaces\u00bb][vc_column width=\u00bb1\/3&#8243;][vc_single_image image=\u00bb4010&#8243; img_size=\u00bbfull\u00bb onclick=\u00bbcustom_link\u00bb img_link_target=\u00bb_blank\u00bb link=\u00bbhttp:\/\/anderschingenieria.com.ar\/home\/columnas-publicitarias\/\u00bb][vc_single_image image=\u00bb4016&#8243; img_size=\u00bbfull\u00bb onclick=\u00bbcustom_link\u00bb img_link_target=\u00bb_blank\u00bb link=\u00bbhttp:\/\/anderschingenieria.com.ar\/home\/nomencladores\/\u00bb][vc_single_image image=\u00bb4012&#8243; img_size=\u00bbfull\u00bb onclick=\u00bbcustom_link\u00bb img_link_target=\u00bb_blank\u00bb link=\u00bbhttp:\/\/anderschingenieria.com.ar\/home\/estructuras-reticulares-y-corporeas\/\u00bb][vc_single_image image=\u00bb4018&#8243; img_size=\u00bbfull\u00bb onclick=\u00bbcustom_link\u00bb img_link_target=\u00bb_blank\u00bb link=\u00bbhttp:\/\/anderschingenieria.com.ar\/home\/pantallas-acusticas\/\u00bb][vc_single_image image=\u00bb4019&#8243; img_size=\u00bbfull\u00bb onclick=\u00bbcustom_link\u00bb img_link_target=\u00bb_blank\u00bb link=\u00bbhttp:\/\/anderschingenieria.com.ar\/home\/pantallas-transiluminadas\/\u00bb][\/vc_column][vc_column width=\u00bb1\/3&#8243;][vc_single_image image=\u00bb4020&#8243; img_size=\u00bbfull\u00bb onclick=\u00bbcustom_link\u00bb img_link_target=\u00bb_blank\u00bb link=\u00bbhttp:\/\/anderschingenieria.com.ar\/home\/refugios\/\u00bb][vc_single_image image=\u00bb4015&#8243; img_size=\u00bbfull\u00bb onclick=\u00bbcustom_link\u00bb img_link_target=\u00bb_blank\u00bb link=\u00bbhttp:\/\/anderschingenieria.com.ar\/home\/mobiliario-urbano-de-gran-porte\/\u00bb][vc_single_image image=\u00bb4013&#8243; img_size=\u00bbfull\u00bb onclick=\u00bbcustom_link\u00bb img_link_target=\u00bb_blank\u00bb link=\u00bbhttp:\/\/anderschingenieria.com.ar\/home\/estructuras-viales-y-autopistas\/\u00bb][vc_single_image image=\u00bb4045&#8243; img_size=\u00bbfull\u00bb onclick=\u00bbcustom_link\u00bb img_link_target=\u00bb_blank\u00bb link=\u00bbhttp:\/\/anderschingenieria.com.ar\/home\/estructuras-para-pantallas-leds-y-backlights\/\u00bb][\/vc_column][vc_column width=\u00bb1\/3&#8243;][vc_single_image image=\u00bb4017&#8243; img_size=\u00bbfull\u00bb onclick=\u00bbcustom_link\u00bb img_link_target=\u00bb_blank\u00bb link=\u00bbhttp:\/\/anderschingenieria.com.ar\/home\/pantallas\/\u00bb][vc_single_image image=\u00bb4009&#8243; img_size=\u00bbfull\u00bb onclick=\u00bbcustom_link\u00bb img_link_target=\u00bb_blank\u00bb link=\u00bbhttp:\/\/anderschingenieria.com.ar\/home\/centro-de-trasbordo\/\u00bb][vc_single_image image=\u00bb4011&#8243; img_size=\u00bbfull\u00bb onclick=\u00bbcustom_link\u00bb img_link_target=\u00bb_blank\u00bb link=\u00bbhttp:\/\/anderschingenieria.com.ar\/home\/estructuras-de-gran-porte\/\u00bb][vc_single_image image=\u00bb4008&#8243; img_size=\u00bbfull\u00bb onclick=\u00bbcustom_link\u00bb img_link_target=\u00bb_blank\u00bb link=\u00bbhttp:\/\/anderschingenieria.com.ar\/home\/carteles-triedros\/\u00bb][\/vc_column][\/vc_row][vc_row full_width=\u00bbstretch_row_content\u00bb css=\u00bb.vc_custom_1489364148603{background-color: #f9f9f9 !important;}\u00bb][vc_column][vc_empty_space height=\u00bb90px\u00bb][cms_heading hd_subtitle=\u00bbNos especializamos en\u00bb hd_title=\u00bbNuestros Servicios\u00bb hd_description=\u00bbPrestamos los servicios de montaje o instalaci\u00f3n de nuestros productos desarrollando la obra civil para las fundaciones, el montaje y movimiento de los carteles y columnas. Efectuamos las instalaciones el\u00e9ctricas necesarias para hacer funcionar e iluminar los distintos equipos. Asimismo una vez instalado prestamos el servicio de mantenimiento necesario para el perfecto funcionamiento de todos nuestros productos, a tal fin contamos con personal capacitado para las distintas funciones as\u00ed como los equipos necesarios. \u00bb cms_template=\u00bbcms_heading.php\u00bb][vc_empty_space height=\u00bb28px\u00bb][vc_row_inner][vc_column_inner width=\u00bb1\/6&#8243; text_align=\u00bbcenter\u00bb text_align_responsive=\u00bbrp-center\u00bb][cms_fancybox_single title_item=\u00bbMANTENIMIENTO\u00bb button_type=\u00bbtext\u00bb icon_custom=\u00bblnr lnr-calendar-full\u00bb box_icon=\u00bbyes\u00bb cms_template=\u00bbcms_fancybox_single&#8211;layout1.php\u00bb image=\u00bb2705&#8243;][\/vc_column_inner][vc_column_inner width=\u00bb1\/6&#8243; text_align=\u00bbcenter\u00bb text_align_responsive=\u00bbrp-center\u00bb][cms_fancybox_single title_item=\u00bbMONTAJE\u00bb button_type=\u00bbtext\u00bb icon_custom=\u00bblnr lnr-calendar-full\u00bb box_icon=\u00bbyes\u00bb cms_template=\u00bbcms_fancybox_single&#8211;layout1.php\u00bb image=\u00bb2703&#8243;][\/vc_column_inner][vc_column_inner width=\u00bb1\/6&#8243; text_align=\u00bbcenter\u00bb text_align_responsive=\u00bbrp-center\u00bb][cms_fancybox_single title_item=\u00bbFUNDACI\u00d3N\u00bb icon_custom=\u00bblnr lnr-calendar-full\u00bb box_icon=\u00bbyes\u00bb cms_template=\u00bbcms_fancybox_single&#8211;layout1.php\u00bb image=\u00bb2704&#8243;][\/vc_column_inner][vc_column_inner width=\u00bb1\/2&#8243;][vc_empty_space height=\u00bb45px\u00bb][cms_button button_text=\u00bbM\u00e1s Informaci\u00f3n\u00bb link_button=\u00bburl:http%3A%2F%2Fanderschingenieria.com.ar%2Fhome%2Fservicios%2F|||\u00bb button_size=\u00bbbtn-xs\u00bb][\/vc_column_inner][\/vc_row_inner][vc_empty_space height=\u00bb45&#8243;][\/vc_column][\/vc_row][vc_row full_width=\u00bbstretch_row\u00bb][vc_column][vc_empty_space height=\u00bb45&#8243;][cms_heading hd_subtitle=\u00bbNos especializamos en\u00bb hd_title=\u00bbPrincipios Constructivos\u00bb hd_description=\u00bbNuestros proyectos se realizan siguiendo los criterios de ingenier\u00eda y teniendo en cuenta:\u00bb cms_template=\u00bbcms_heading.php\u00bb][vc_row_inner][vc_column_inner width=\u00bb1\/2&#8243; list_style=\u00bbcms-list-arrow-icon1&#8243;][vc_column_text]<\/p>\n<p>[\/vc_column_text][\/vc_column_inner][vc_column_inner width=\u00bb1\/2&#8243; list_style=\u00bbcms-list-arrow-icon1&#8243;][vc_column_text]<\/p>\n<p>[\/vc_column_text][\/vc_column_inner][\/vc_row_inner][vc_empty_space height=\u00bb30px\u00bb][vc_row_inner][vc_column_inner width=\u00bb1\/2&#8243; list_style=\u00bbcms-list-arrow-icon1&#8243;][vc_single_image image=\u00bb3556&#8243; img_size=\u00bbfull\u00bb][\/vc_column_inner][vc_column_inner width=\u00bb1\/2&#8243; list_style=\u00bbcms-list-arrow-icon1&#8243;][vc_single_image image=\u00bb3554&#8243; img_size=\u00bbfull\u00bb][\/vc_column_inner][\/vc_row_inner][vc_empty_space height=\u00bb90px\u00bb][cms_button button_text=\u00bbM\u00e1s Informaci\u00f3n\u00bb link_button=\u00bburl:http%3A%2F%2Fanderschingenieria.com.ar%2Fhome%2Fprincipios-constructivos%2F|||\u00bb button_size=\u00bbbtn-xs\u00bb][vc_empty_space height=\u00bb90px\u00bb][\/vc_column][\/vc_row]<\/p>\n","protected":false},"excerpt":{"rendered":"<p>[vc_row full_width=\u00bbstretch_row_content\u00bb css=\u00bb.vc_custom_1488882636705{margin-top: -30px !important;}\u00bb][vc_column][rev_slider_vc alias=\u00bbslider-andersch-boxed\u00bb][\/vc_column][\/vc_row][vc_row css=\u00bb.vc_custom_1489018349645{padding-bottom: 80px !important;background-color: #f9f9f9 !important;}\u00bb el_id=\u00bbvc-main\u00bb el_class=\u00bbrow-vs\u00bb][vc_column width=\u00bb2\/3&#8243;][vc_empty_space height=\u00bb40px\u00bb][cms_heading hd_subtitle=\u00bbNosotros\u00bb hd_title=\u00bbNuestra historia\u00bb cms_template=\u00bbcms_heading.php\u00bb][vc_column_text] Andersch Ingenier\u00eda, fundada en 1989, es hoy la empresa l\u00edder en la fabricaci\u00f3n, dise\u00f1o y montaje de estructuras publicitarias con m\u00e1s de 250 columnas instaladas en el pa\u00eds. Nuestra empresa se encuentra posicionada dentro del mercado [&hellip;]<\/p>\n","protected":false},"author":1,"featured_media":0,"parent":0,"menu_order":0,"comment_status":"closed","ping_status":"closed","template":"","meta":[],"_links":{"self":[{"href":"https:\/\/anderschingenieria.com.ar\/home\/wp-json\/wp\/v2\/pages\/3599"}],"collection":[{"href":"https:\/\/anderschingenieria.com.ar\/home\/wp-json\/wp\/v2\/pages"}],"about":[{"href":"https:\/\/anderschingenieria.com.ar\/home\/wp-json\/wp\/v2\/types\/page"}],"author":[{"embeddable":true,"href":"https:\/\/anderschingenieria.com.ar\/home\/wp-json\/wp\/v2\/users\/1"}],"replies":[{"embeddable":true,"href":"https:\/\/anderschingenieria.com.ar\/home\/wp-json\/wp\/v2\/comments?post=3599"}],"version-history":[{"count":29,"href":"https:\/\/anderschingenieria.com.ar\/home\/wp-json\/wp\/v2\/pages\/3599\/revisions"}],"predecessor-version":[{"id":4134,"href":"https:\/\/anderschingenieria.com.ar\/home\/wp-json\/wp\/v2\/pages\/3599\/revisions\/4134"}],"wp:attachment":[{"href":"https:\/\/anderschingenieria.com.ar\/home\/wp-json\/wp\/v2\/media?parent=3599"}],"curies":[{"name":"wp","href":"https:\/\/api.w.org\/{rel}","templated":true}]}}